t is the remainder when 374 is divided by 108?
50
Calculate the remainder when 44 is divided by 16.
12
What is the remainder when 1874 is divided by 196?
110
What is the remainder when 5983 is divided by 39?
16
Calculate the remainder when 387 is divided by 103.
78
Calculate the remainder when 479 is divided by 124.
107
Calculate the remainder when 2393 is divided by 1185.
23
What is the remainder when 1695 is divided by 242?
1
What is the remainder when 9580 is divided by 223?
214
What is the remainder when 684 is divided by 170?
4
Calculate the remainder when 146 is divided by 76.
70
What is the remainder when 536 is divided by 24?
8
Calculate the remainder when 6679 is divided by 163.
159
What is the remainder when 40 is divided by 26?
14
What is the remainder when 317 is divided by 65?
57
What is the remainder when 8924 is divided by 7?
6
What is the remainder when 1048 is divided by 264?
256
What is the remainder when 3895 is divided by 60?
55
Calculate the remainder when 96 is divided by 10.
6
What is the remainder when 4738 is divided by 12?
10
Calculate the remainder when 133 is divided by 44.
1
What is the remainder when 765 is divided by 24?
21
Calculate the remainder when 175 is divided by 44.
43
What is the remainder when 156 is divided by 42?
30
What is the remainder when 325 is divided by 20?
5
What is the remainder when 267 is divided by 82?
21
What is the remainder when 103 is divided by 29?
16
Calculate the remainder when 313 is divided by 8.
1
What is the remainder when 29 is divided by 19?
10
What is the remainder when 2241 is divided by 33?
30
What is the remainder when 496 is divided by 50?
46
What is the remainder when 15959 is divided by 57?
56
What is the remainder when 259 is divided by 70?
49
What is the remainder when 58 is divided by 30?
28
Calculate the remainder when 447 is divided by 14.
13
What is the remainder when 86 is divided by 27?
5
What is the remainder when 315 is divided by 67?
47
Calculate the remainder when 79 is divided by 17.
11
What is the remainder when 120 is divided by 111?
9
Calculate the remainder when 111 is divided by 65.
46
Calculate the remainder when 121 is divided by 48.
25
What is the remainder when 389 is divided by 53?
18
Calculate the remainder when 4171 is divided by 64.
11
Calculate the remainder when 109 is divided by 24.
13
Calculate the remainder when 467 is divided by 118.
113
What is the remainder when 125 is divided by 121?
4
Calculate the remainder when 375 is divided by 77.
67
What is the remainder when 123 is divided by 13?
6
What is the remainder when 3957 is divided by 564?
9
What is the remainder when 772 is divided by 255?
7
Calculate the remainder when 297 is divided by 14.
3
Calculate the remainder when 717 is divided by 122.
107
What is the remainder when 447 is divided by 56?
55
What is the remainder when 37 is divided by 10?
7
What is the remainder when 381 is divided by 237?
144
What is the remainder when 1129 is divided by 50?
29
What is the remainder when 1684 is divided by 840?
4
What is the remainder when 157 is divided by 16?
13
What is the remainder when 5379 is divided by 234?
231
Calculate the remainder when 550 is divided by 24.
22
What is the remainder when 885 is divided by 29?
15
Calculate the remainder when 1776 is divided by 10.
6
What is the remainder when 3896 is divided by 75?
71
What is the remainder when 1808 is divided by 67?
66
Calculate the remainder when 2747 is divided by 86.
81
Calculate the remainder when 91 is divided by 23.
22
Calculate the remainder when 30 is divided by 19.
11
Calculate the remainder when 687 is divided by 62.
5
What is the remainder when 145 is divided by 17?
9
What is the remainder when 1583 is divided by 14?
1
What is the remainder when 18146 is divided by 22?
18
What is the remainder when 29 is divided by 3?
2
Calculate the remainder when 2547 is divided by 75.
72
What is the remainder when 1115 is divided by 489?
137
What is the remainder when 6915 is divided by 7?
6
Calculate the remainder when 123 is divided by 115.
8
What is the remainder when 294 is divided by 79?
57
What is the remainder when 37 is divided by 9?
1
What is the remainder when 1246 is divided by 48?
46
Calculate the remainder when 169 is divided by 19.
17
Calculate the remainder when 1114 is divided by 36.
34
Calculate the remainder when 613 is divided by 204.
1
What is the remainder when 244 is divided by 124?
120
What is the remainder when 303 is divided by 25?
3
Calculate the remainder when 1044 is divided by 55.
54
Calculate the remainder when 1019 is divided by 51.
50
Calculate the remainder when 105 is divided by 36.
33
Calculate the remainder when 669 is divided by 61.
59
Calculate the remainder when 447 is divided by 32.
31
Calculate the remainder when 3920 is divided by 30.
20
What is the remainder when 979 is divided by 276?
151
Calculate the remainder when 166 is divided by 9.
4
Calculate the remainder when 733 is divided by 62.
51
Calculate the remainder when 118 is divided by 21.
13
What is the remainder when 191 is divided by 12?
11
What is the remainder when 439 is divided by 21?
19
What is the remainder when 223 is divided by 72?
7
What is the remainder when 2559 is divided by 151?
143
Calculate the remainder when 299 is divided by 20.
19
Calculate the remainder when 662 is divided by 18.
14
What is the remainder when 4735 is divided by 86?
5
What is the remainder when 1143 is divided by 568?
7
Calculate the remainder when 4 is divided by 1.
0
What is the remainder when 294 is divided by 99?
96
Calculate the remainder when 509 is divided by 51.
50
What is the remainder when 937 is divided by 20?
17
What is the remainder when 68 is divided by 35?
33
Calculate the remainder when 1253 is divided by 154.
21
What is the remainder when 4366 is divided by 141?
136
What is the remainder when 3204 is divided by 9?
0
Calculate the remainder when 129 is divided by 17.
10
What is the remainder when 56 is divided by 43?
13
Calculate the remainder when 6816 is divided by 55.
51
What is the remainder when 1949 is divided by 966?
17
What is the remainder when 573 is divided by 10?
3
What is the remainder when 1084 is divided by 74?
48
Calculate the remainder when 214 is divided by 33.
16
Calculate the remainder when 7466 is divided by 77.
74
What is the remainder when 121 is divided by 5?
1
What is the remainder when 55 is divided by 30?
25
Calculate the remainder when 39 is divided by 30.
9
What is the remainder when 2662 is divided by 7?
2
What is the remainder when 1869 is divided by 144?
141
Calculate the remainder when 4040 is divided by 119.
113
Calculate the remainder when 94 is divided by 6.
4
What is the remainder when 4213 is divided by 17?
14
What is the remainder when 4879 is divided by 52?
43
What is the remainder when 57 is divided by 34?
23
Calculate the remainder when 269 is divided by 39.
35
Calculate the remainder when 1050 is divided by 27.
24
What is the remainder when 966 is divided by 19?
16
What is the remainder when 4314 is divided by 29?
22
What is the remainder when 339 is divided by 70?
59
Calculate the remainder when 195 is divided by 90.
15
What is the remainder when 1834 is divided by 34?
32
Calculate the remainder when 2911 is divided by 13.
12
Calculate the remainder when 5364 is divided by 2675.
14
What is the remainder when 221 is divided by 76?
69
Calculate the remainder when 251 is divided by 20.
11
What is the remainder when 13103 is divided by 114?
107
What is the remainder when 446 is divided by 18?
14
Calculate the remainder when 70 is divided by 51.
19
Calculate the remainder when 3 is divided by 3.
0
Calculate the remainder when 2379 is divided by 5.
4
What is the remainder when 1233 is divided by 199?
39
Calculate the remainder when 1117 is divided by 278.
5
Calculate the remainder when 1411 is divided by 18.
7
Calculate the remainder when 219 is divided by 38.
29
What is the remainder when 28 is divided by 4?
0
Calculate the remainder when 42 is divided by 24.
18
Calculate the remainder when 179 is divided by 34.
9
Calculate the remainder when 401 is divided by 188.
25
Calculate the remainder when 2125 is divided by 304.
301
Calculate the remainder when 187 is divided by 47.
46
Calculate the rem